the prime factors of q?
5
What are the prime factors of ((224/12)/28)/((-2)/(-12033))?
3, 7, 191
Suppose 0 = 4*t - 43 - 117. Suppose -w - 3*c - 62 = w, -3*w = 3*c + 87. Let n = w + t. List the prime factors of n.
3, 5
What are the prime factors of ((-12)/6 + 1)*-312?
2, 3, 13
Let y be (-3 - -2) + (213 - -1). Let n = 146 + y. List the prime factors of n.
359
Suppose -5*d + 1423 + 1177 = 0. What are the prime factors of d?
2, 5, 13
Let b(f) = 97*f**2 - 15*f + 137. What are the prime factors of b(5)?
3, 829
Let j be 5/(-10) + (-3)/2. Let v = 67 + j. What are the prime factors of v?
5, 13
Let j be (-278)/(-14) + 6/42. What are the prime factors of (2/3)/(j/1410)?
47
Suppose 0 = -3*p + 1473 + 2580. List the prime factors of p.
7, 193
Suppose -w + 23 = z, -3*w = 3*z - 2*w - 63. What are the prime factors of 5*4/50 + 572/z?
29
Let m(g) = 3*g**2 + 13*g - 26. What are the prime factors of m(-13)?
2, 3, 13
Let x be 2*(-6)/8 - (-13)/(-26). List the prime factors of (-6)/3*(-2 - -6)/x.
2
Let v be (-3)/(1844/370 - 5). Suppose 645 - v = 2*i. List the prime factors of i.
2, 5, 23
Let u = 9 - -29. Let t be (-136)/(-14) + u/133. Let p(i) = i**3 - 10*i**2 + 7*i. List the prime factors of p(t).
2, 5, 7
Suppose 3*m + 0*x - 4*x = 6, -4*x = 0. Suppose -15 + 35 = h + m*p, 4*h + 2*p = 74. List the prime factors of h.
2, 3
Let v(z) = 31*z + 93. What are the prime factors of v(12)?
3, 5, 31
Let t(d) = -d**3 + 9*d**2 + 14*d - 4. Let p be t(10). Let r = p - 5. What are the prime factors of r?
31
Let f(v) = v**3 + 7*v**2 + 7*v + 3. Suppose -4*q = -5*q + 5. Suppose 2 = 4*z + q*p + 32, 4*p = 2*z + 2. List the prime factors of f(z).
2, 3
Let a = 12 + -9. Let b be 1 + (a - 2) + -27. What are the prime factors of 3 - ((4 - 3) + b)?
3
Let k = 23 - 82. Let i = -37 - k. List the prime factors of i.
2, 11
Let i = 2 - -15. Let n be 2*2*(-3)/(-12). Let j = i + n. List the prime factors of j.
2, 3
Let y(s) = 4*s + 7. Let l be y(6). Let q be 3/(-2)*(-4)/3. Suppose -16 = -2*a - 2*n, 0 = 4*a - q*a - n - l. What are the prime factors of a?
13
List the prime factors of (-895)/(-25)*5 + -2.
3, 59
Suppose -4*r - 10 = 5*x, -3*r = -4*r - 2*x - 4. Suppose r = -10*l + 1009 - 69. What are the prime factors of l?
2, 47
What are the prime factors of ((-2)/(-4))/((-1)/(-932)) - -2?
2, 3, 13
Let x be -2 + (-1 - -1) + 6 - 0. Suppose -3*k = -x*b - 311 - 66, 0 = -k + 5*b + 133. What are the prime factors of k?
3, 41
Suppose 0 = 4*v + 5*t - 100, 13 = 3*t + 1. Suppose 3*f - v + 8 = 0. What are the prime factors of f?
2
Let i be (-12)/(-2) - (-2 - 1)*-1. List the prime factors of ((-2904)/11)/((i/(-2))/1).
2, 11
Let n(b) = 7*b - 129. Let u be n(19). Suppose 0 = 6*y - 4*y - 3*z - 17, 0 = -5*z - 15. Suppose -y*i - k = -106, 3*k = u - 10. What are the prime factors of i?
3
Suppose -33*k - 585 = -34*k + 3*u, 577 = k + 5*u. List the prime factors of k.
2, 3, 97
Let y(u) = u**3 - 8*u**2 + 9*u - 10. Let r be y(7). Suppose -226 - 146 = -r*j. Suppose -24 = -3*b + 3*n, 5*b + 4*n = j - 17. What are the prime factors of b?
2, 3
Let f(j) = -j**3 - 16*j**2 - 2*j + 6. What are the prime factors of f(-17)?
7, 47
Let q(k) be the third derivative of -k**4/2 + 4*k**3/3 - 2*k**2. What are the prime factors of q(-5)?
2, 17
Suppose 2*y + 2 = 10. Suppose 0 = 2*p - 4*p + y. Let b(j) = 14*j + 2. What are the prime factors of b(p)?
2, 3, 5
Let d(r) = 4*r**2 - 2*r - 5. Let x be d(-4). Suppose 3*y = -6, -y + x = o - 2*y. What are the prime factors of o?
5, 13
Suppose 4*q + 3*z = 1535, -4*z + 381 = q - 6*z. What are the prime factors of q?
383
Suppose -7*u = -506 - 236. Suppose -6*s = -2*s - 608. Let p = s - u. List the prime factors of p.
2, 23
Suppose -2*h - 10 = -4*h. Suppose -3*j = -3*f + 99, -4*f + j - h*j = -172. What are the prime factors of f?
2, 19
Suppose -160 = -5*s - 5*x, -2*x = -4*s + 143 - 15. Let j = 136 + -150. Let i = j + s. List the prime factors of i.
2, 3
Let k(y) = 128*y**2 + 3*y - 31. List the prime factors of k(4).
2029
Let i(d) = 2*d**2 + 23*d - 30. Let k(b) = -15*b**3 + b - 2. Let w be k(1). What are the prime factors of i(w)?
2, 3, 19
Let s(r) = -2*r**3 - 5*r. Suppose -2*q = -j - j + 16, -4*j + 8 = 2*q. Let b(o) = -3*o**3 - 9*o. Let m(n) = j*b(n) - 7*s(n). List the prime factors of m(2).
2, 7
Let q be (3 + -13)/((-2)/12). List the prime factors of q - 12 - (1 + 2).
3, 5
Let q be ((-12)/15)/(8/(-20)). Let n(w) = 12*w**2 - 4*w + 3. Let o be n(q). Suppose 2*d = -i + o, i + 0 - 5 = 0. What are the prime factors of d?
19
Let s(y) = -y**2 + y - 98. Let f be s(0). What are the prime factors of (-28)/f - (-89)/7?
13
Let l(q) = q**2 + 3*q - 31. Let m be l(-7). List the prime factors of ((-2)/(-1) - 113)*2/m.
2, 37
Let t(a) = 8*a**2 + 15*a + 31. List the prime factors of t(10).
3, 109
Suppose 5*s + 28 = -b + 4*b, 4*s + 2*b = -40. List the prime factors of (150/8 + -2)/((-1)/s).
2, 67
Let t = -7 - -12. Suppose -5*u + 10 = -t*i + i, -5*u + 10 = -5*i. Suppose 5*y + 59 - 179 = i. What are the prime factors of y?
2, 3
Let p(u) = u + 6. Let h be p(0). Let v = -2 + h. Suppose v*i = -2*o + 36, 3*o - i - 68 = -0*o. What are the prime factors of o?
2, 11
Let y be (-35)/(-14)*(0 + 2). Suppose 2*h = -y + 53. What are the prime factors of h?
2, 3
Let g be (6 - 4) + -4 - -7. Suppose 2*l = 4*l - 4*q - 98, 2*l = -g*q + 62. List the prime factors of l.
41
Suppose -5*b + 13 = -r, r - 4*r = b - 9. Suppose -5*x = -r*x - 300. Suppose -5*v = -3*s + x - 325, -s - 187 = -4*v. List the prime factors of v.
2, 3
Let y = 167 + -41. Let w = y - 37. Let i = 149 - w. List the prime factors of i.
2, 3, 5
Let z = -3 - -5. Let q = z + 2. List the prime factors of q/(-6) - 164/(-12).
13
Let x(v) = -3*v**3 + 7*v**2 + 13*v**2 - v**2 + 9 + 14*v. What are the prime factors of x(7)?
3
Let b = 3 + 2. Suppose 330 + 40 = b*s. What are the prime factors of s?
2, 37
Let u be (-8)/5 - 6/15. List the prime factors of (u/6 + 1)/((-46)/(-7521)).
109
Suppose 0 = 4*j - 35 - 9. Let w(z) = z**3 - 12*z**2 + 14*z + 10. What are the prime factors of w(j)?
43
List the prime factors of 7 + 20610/6 + 1 + -2.
3, 31, 37
Let i be (-1)/(4 + (-57)/14). Suppose -i*d = -9*d - 20. List the prime factors of d.
2
Let k = -69 + 69. Suppose k = 4*n + 4*p - 27 - 77, -4*p = 5*n - 127. What are the prime factors of n?
23
Suppose -8*v + d - 528 = -10*v, 3*d - 1321 = -5*v. What are the prime factors of v?
263
Let u(l) = 10*l**2 + 36*l - 11. Let w(j) = 6*j**2 + 18*j - 6 - 1 + 6*j + j**2. Let f(c) = -5*u(c) + 7*w(c). What are the prime factors of f(-11)?
17
Suppose -2 + 8 = j. Suppose 9 + j = -q. What are the prime factors of (-5)/((-15)/(-2))*q?
2, 5
Suppose 35*n - 38583 = 8*n. List the prime factors of n.
1429
Let h(s) = -s**2 - 10*s. Let j(k) = -k**2 - 17*k - 15. Let b be j(-16). Let n(c) = -3*c - 2. Let r be n(b). List the prime factors of h(r).
5
Suppose -5*p + 5*v - 10 = 0, -v = 3*v - 20. List the prime factors of -18*(p + -4) - 2.
2
Let b = -87 - 210. Let d = -157 - b. What are the prime factors of d?
2, 5, 7
Let g(m) be the first derivative of m**4/2 + 32*m**3/3 + 8*m**2 + 4*m + 15. List the prime factors of g(-15).
2, 107
Let q(i) = 71*i + 80. List the prime factors of q(8).
2, 3
Let d = -38 - -17. Let m = d + 130. List the prime factors of m.
109
Suppose 4*a - 111 = 681. What are the prime factors of a?
2, 3, 11
Let a = 11 + 7. Let n be 26/(-65) - (-492)/(-20). What are the prime factors of n*(-4 - a/(-5))?
2, 5
Suppose -3*h = 5 + 1. What are the prime factors of ((h - 1) + -3)*14/(-3)?
2, 7
List the prime factors of (-42)/4*285200/(-644).
2, 3, 5, 31
Let y = 204 + -121. Let h = 157 - y. List the prime factors of h.
2, 37
Suppose 0 = -5*p - 700 + 2085. Suppose c = -4*i + 190, -628 = -5*c - 5*i + p. What are the prime factors of c?
2, 89
Let b(v) = -8*v - 8. Let y(d) = d**2 + 8*d - 9. Let u be y(-9). Suppose -2*k + 2*q - 20 = 0, k = -2*q - u - 1. What are the prime factors of b(k)?
2, 3
Let f = -19 - -9. List the prime factors of 70*(-3 + (-36)/f).
2, 3, 7
Let x = 47 + -44. Let s = x + 29. What are the prime factors of s?
2
Let r be (236/(-6))/(10/(-30)). Suppose -u - 3*t = -59, -2*u + 0*t + t + r = 0. Suppose -z + 21 = -4*f + u, -3*f - 3*z = -36. What are the prime factors of f?
2, 5
Let z(h) = 2*h**3 - 14*h**2 + 4*h + 13. What are the prime factors of z(8)?
173
Let q(z) = -z**3 